factor of f and 4.
4
Let n(w) = 97*w**3 - w**2 + 2*w - 2. Let d be n(1). Suppose 5*z - 84 = d. Calculate the greatest common factor of z and 4.
4
Let g = -5 + 13. Let w = 1 - -3. What is the greatest common factor of w and g?
4
Suppose -2*c - 3*c = -3*c. Suppose -w - 7 + 30 = c. Calculate the greatest common factor of w and 92.
23
Let c be -674*((-4)/(-8) + -1). Suppose 0 = -3*n - 15, -62 = 2*r + 3*n - c. Calculate the highest common factor of 58 and r.
29
Suppose -c - 2 = 0, 378*c - 375*c = 4*x - 498. What is the highest common factor of x and 1107?
123
Let s(l) = l**2 - 10*l - 12. Let a be s(8). Let j = a - -33. Suppose -o - w + 10 = 0, o - 3 = -2*w + j. What is the highest common factor of 3 and o?
3
Let x = -643 + 786. Calculate the highest common factor of x and 91.
13
Let b = -1150 - -1215. Calculate the greatest common factor of b and 143.
13
Suppose 3*n - 111 + 6 = -3*z, -95 = -2*n - 7*z. What is the highest common factor of 70 and n?
10
Suppose 2*k = -2*o + 332, 0 = -2*o - 0*o - 4. Let h = -7 - -10. Suppose -2*q + n + 46 = 0, h*n - 1 = -q - 2*n. What is the highest common factor of q and k?
21
Let r be -2*((-1209)/702 + 4/18). Let l be 1172/14 + 2/7. Suppose -l = -h - r*h. What is the highest common factor of h and 3?
3
Let v(d) = 7*d - 4. Let i be v(7). Suppose -2*g + 640 = 5*p, 0*g - 1573 = -5*g + p. What is the greatest common divisor of g and i?
45
Let v = 51 + 153. Let t = 364 - v. Calculate the greatest common divisor of 32 and t.
32
Suppose -5*s = -3*i + 376, 7*i = 2*i - 2*s + 575. What is the greatest common divisor of 13 and i?
13
Suppose -162 = -14*l + 8*l. What is the highest common divisor of l and 459?
27
Let a be 0/(5 + (-6 - -2)). Suppose 5*v - b - 87 = a, 13 = 4*v - 5*b - 44. Calculate the highest common divisor of v and 54.
18
Suppose 0 = -25*r + 23824 - 1349. What is the greatest common factor of r and 31?
31
Suppose i = -5, -v + 4*i - 4 = -3*v. Suppose 0 = -3*r - 3*j + 336, -3*r - 2*j + 316 = -4*j. Calculate the greatest common divisor of r and v.
12
Suppose -437 = -5*w - 3*l, -4*w + 4*l + 124 = -200. Calculate the highest common divisor of w and 680.
85
Suppose -28*f + 21 = -27*f. Let u be (-7)/7*(282 - 1). Let v = u - -512. What is the highest common divisor of v and f?
21
Let w be (10 + 64/(-6))/(2/(-288)). Calculate the greatest common divisor of 32 and w.
32
Let q = -737 - -739. Calculate the greatest common divisor of 8 and q.
2
Suppose c = -2*x + 10, -4*c = -4*x - 3*c + 20. Suppose -r - x = -2*r. Suppose -6 = -r*y + 14. What is the highest common factor of y and 10?
2
Suppose 61 = -4*y - 23. Let v be y/(-6) + (6/4 - 2). What is the greatest common divisor of v and 6?
3
Let l = 7 - 5. Suppose -2*u = -5*h + 9, l*h + 27 = 5*u + 6*h. Suppose 0 = y - 2*y + u*a + 14, -2 = 2*a. Calculate the highest common factor of 22 and y.
11
Let j = 30 - 13. Let n = j - 13. Suppose -6*s + n = -5*s. What is the highest common factor of 6 and s?
2
Let o = 31 - 62. Let r be 2*o/4*-2. Suppose -164 + 4256 = 12*h. What is the highest common factor of h and r?
31
Let t be 257 - (-1 + (-6 - -6)). Calculate the highest common factor of t and 12.
6
Let f be (-3)/(-6)*2 - 25/(-1). Calculate the greatest common factor of 10 and f.
2
Suppose l - 27 - 27 = 0. Let i = l - 45. Calculate the highest common divisor of i and 99.
9
Let j(k) = -k + 15. Let n be j(10). Suppose z + n*z - 216 = 0. Calculate the highest common factor of z and 12.
12
Let d(c) = c**3 + 11*c**2 - 2*c - 5. Let a be d(-5). Calculate the highest common divisor of 40 and a.
5
Let j(o) = -o**3 - 32*o**2 + 34*o + 63. Let p be j(-33). Let x = -20 + 40. Let l = x + -14. Calculate the greatest common divisor of l and p.
6
Let k = 1055 - 427. Suppose 3*o - k = -4*d, o = -2*d - 4*o + 328. Calculate the highest common divisor of 14 and d.
14
Suppose 2*l = -40*l + 9114. Calculate the greatest common factor of 93 and l.
31
Suppose 9 = p - 5. What is the highest common divisor of 14 and p?
14
Let p be 298/15 - (392/210 - 2). Calculate the greatest common divisor of p and 30.
10
Let s(q) = -18*q - 35. Let k be s(-7). Suppose k*a - 88*a = 81. Calculate the greatest common divisor of 3 and a.
3
Let s be (15 - -1)*(15 - 741/76). Calculate the greatest common factor of s and 1092.
84
Suppose 5*l - 2 = 4*k + 11, 5*k = 2*l - 12. Let x be 88/22 + 2/l. What is the highest common divisor of x and 6?
6
Let o be (-3)/(-15) - 3/15. Suppose -4*k + 28 = 2*l - o*k, 3*k = 3*l + 3. Let c be 0*l/12 + 8. What is the highest common divisor of c and 1?
1
Let i(c) = -c**3 + 5*c**2 + 7*c - 7. Let w be i(6). Let p(a) = -57*a - 1. Let b be p(w). Let d = -38 + b. Calculate the highest common divisor of d and 198.
18
Suppose k = -4*k. Suppose k = -4*l + 4 + 8. Suppose l*y = 19 + 113. Calculate the greatest common divisor of y and 11.
11
Let y(o) = 4*o + 4 + 5*o**2 + 3 + o**2 + 10. Let j be y(-5). What is the highest common factor of j and 98?
49
Suppose -1 = -4*a + 3. Suppose d - u = 34, 0*u + u = -2*d + 53. Let q = 32 - d. What is the greatest common factor of q and a?
1
Let b(x) = -x**2 + 24*x - 113. Let m be b(13). Suppose 0 = -4*w + 8, 0 = 5*u - 5*w - 24 - 171. Let p = 61 - u. Calculate the greatest common factor of p and m.
10
Suppose -15*z - 2 = -16*z. Suppose 84 = 2*a + z*t, 5*t - 207 = -5*a + t. What is the highest common factor of a and 52?
13
Let r = -792 + 1432. What is the greatest common divisor of 40 and r?
40
Suppose 5*p - 16*p = -1364. What is the greatest common divisor of p and 1860?
124
Let f = 15 + 0. Suppose -2*m + 0*m - 2*l = -16, f = 5*l. Suppose m*d + 3*x = x + 218, 5*d - 4*x - 194 = 0. Calculate the greatest common divisor of 28 and d.
14
Let r(p) = p**2 + 23*p - 20. Let v be r(-27). Let q = -2 + 46. Calculate the greatest common divisor of v and q.
44
Let r = -1124 - -2015. What is the greatest common divisor of 27 and r?
27
Let j(r) = -33*r - 607. Let b be j(-19). What is the highest common factor of b and 15?
5
Let t(o) = o**2 + 27*o - 49. Let y be t(-26). Let j = y + 77. Calculate the greatest common divisor of 18 and j.
2
Let u(s) = 4*s**2 + 7*s + 15. Let r(q) = 7*q**2 + 15*q + 30. Let n(x) = 3*r(x) - 5*u(x). Let y be n(-10). What is the greatest common divisor of 60 and y?
15
Let l be 3220/4 + -8 + 1. Calculate the highest common divisor of l and 228.
114
Let p = 21 + -29. Let t = 10 - p. What is the greatest common factor of t and 12?
6
Suppose -3*a + 77 = 2*d - d, -3*d + 31 = a. Let l = 49 - a. What is the highest common factor of 96 and l?
24
Let u = 41 - 30. Let d = 4 + u. What is the greatest common divisor of 165 and d?
15
Let f(n) = -n**2 + 13*n + 22. Let v be f(15). Let c be (-190)/v - (21/12 + -2). Calculate the highest common factor of 3 and c.
3
Let v(s) = -3*s**2 - 41*s + 10. Let m be v(-12). What is the highest common divisor of 80 and m?
10
Suppose 4*m = b - 12, 6 = 3*m - 4*m + b. Let h be m/10 + (-663)/(-15). What is the greatest common factor of 110 and h?
22
Suppose 189 = 3*u - s - 77, -5*u + 446 = -s. What is the highest common factor of u and 36?
18
Let o = 142 - 62. Suppose -o = z - 6*z. What is the highest common divisor of 64 and z?
16
Let s(p) = -101*p**3 + 5*p**2 + 21*p + 33. Let d be s(-2). What is the greatest common divisor of d and 78?
39
Let n = -373 + 464. Calculate the greatest common factor of n and 13.
13
Suppose -49*m + 40*m = -558. Calculate the highest common divisor of 1271 and m.
31
Let d(z) = 29*z**2 + 25*z + 26. Let o be d(-1). What is the greatest common divisor of 705 and o?
15
Let b be 2292/(-100) + 16/(-200). Let x be -35 + (0 - -1 - 1). Let c = b - x. Calculate the highest common factor of 12 and c.
12
Suppose 3*t + 4 = 5*t. Suppose 3*l - y + 3*y + 17 = 0, 4*l + 11 = -5*y. Let h be 15*(-3 + (-33)/l). Calculate the highest common factor of h and t.
2
Suppose 70*k + 27248 = 83*k. What is the greatest common divisor of k and 131?
131
Let f be (-30)/(-8)*(12 + 6 + 2). Calculate the greatest common factor of f and 600.
75
Let k = -8 + 8. Suppose -5*a + 0*a + 60 = k. Let d(q) = -22*q - 48. Let b be d(-6). What is the greatest common divisor of b and a?
12
Let l(b) = -b**3 - 7*b**2 + 5*b + 101. Let z be l(-7). Calculate the highest common factor of 22 and z.
22
Suppose 3*u - q + 98 = 0, 2*u - 5*u = 5*q + 104. Let n = -23 - u. What is the grea